to base 12.
-3
-11 (base 2) to base 9
-3
Convert 2 (base 4) to base 7.
2
-1200 (base 4) to base 13
-75
What is 4 (base 7) in base 3?
11
165 (base 12) to base 15
eb
-1111100 (base 2) to base 13
-97
Convert 10101 (base 2) to base 12.
19
What is 3 (base 4) in base 13?
3
Convert -106 (base 10) to base 7.
-211
What is 11 (base 8) in base 6?
13
What is 11010100 (base 2) in base 9?
255
Convert -110110 (base 2) to base 8.
-66
What is 1 (base 11) in base 10?
1
Convert -1 (base 11) to base 14.
-1
What is 21 (base 5) in base 3?
102
17 (base 14) to base 3
210
Convert 8 (base 9) to base 10.
8
Convert 30 (base 8) to base 4.
120
Convert -6 (base 9) to base 4.
-12
What is 400 (base 5) in base 13?
79
What is 78 (base 14) in base 11?
97
12230 (base 4) to base 11
35a
What is 1 (base 7) in base 14?
1
What is bc (base 14) in base 4?
2212
Convert -525 (base 6) to base 5.
-1242
Convert 2 (base 4) to base 9.
2
What is -85 (base 14) in base 6?
-313
What is -a (base 11) in base 3?
-101
-b3 (base 16) to base 11
-153
132 (base 12) to base 4
2312
What is -4 (base 7) in base 10?
-4
Convert -19 (base 16) to base 8.
-31
Convert 313 (base 4) to base 14.
3d
Convert 0 (base 6) to base 5.
0
What is 25 (base 16) in base 10?
37
What is -11112 (base 3) in base 9?
-145
What is 22 (base 4) in base 9?
11
Convert 17 (base 16) to base 13.
1a
What is 53 (base 11) in base 3?
2011
7 (base 16) to base 12
7
What is -105 (base 6) in base 7?
-56
What is 110 (base 2) in base 3?
20
Convert -4 (base 11) to base 2.
-100
Convert -56 (base 7) to base 14.
-2d
What is -5 (base 10) in base 11?
-5
-3a (base 11) to base 13
-34
What is 0 (base 16) in base 7?
0
Convert 40 (base 8) to base 10.
32
What is 23 (base 16) in base 5?
120
-42 (base 8) to base 4
-202
-250 (base 9) to base 10
-207
Convert 4 (base 6) to base 5.
4
2 (base 5) to base 4
2
Convert 453 (base 7) to base 16.
ea
115 (base 8) to base 4
1031
1013 (base 4) to base 13
56
-100 (base 2) to base 16
-4
What is 12 (base 8) in base 9?
11
-231 (base 5) to base 14
-4a
What is -18 (base 16) in base 11?
-22
What is -4 (base 15) in base 8?
-4
Convert -19 (base 15) to base 7.
-33
What is -159 (base 12) in base 5?
-1323
-4 (base 12) to base 6
-4
-6 (base 11) to base 5
-11
7 (base 14) to base 15
7
Convert -235 (base 9) to base 11.
-167
2 (base 13) to base 9
2
What is -13 (base 11) in base 10?
-14
Convert -13 (base 5) to base 8.
-10
Convert -158 (base 10) to base 5.
-1113
Convert 1101100 (base 2) to base 16.
6c
1 (base 10) to base 3
1
25 (base 12) to base 5
104
What is -1320 (base 6) in base 4?
-11100
What is -2 (base 16) in base 3?
-2
What is 3 (base 9) in base 11?
3
What is 13 (base 10) in base 3?
111
What is -9 (base 10) in base 2?
-1001
Convert -132 (base 7) to base 2.
-1001000
Convert -28 (base 11) to base 13.
-24
5 (base 12) to base 6
5
Convert 110 (base 2) to base 12.
6
-1 (base 2) to base 12
-1
-311 (base 4) to base 12
-45
What is -100 (base 7) in base 4?
-301
Convert 2 (base 3) to base 14.
2
Convert -1321 (base 5) to base 9.
-254
29 (base 14) to base 11
34
Convert 223 (base 7) to base 3.
11021
-157 (base 11) to base 6
-503
11 (base 5) to base 9
6
What is -3 (base 9) in base 8?
-3
What is -12021 (base 3) in base 13?
-ac
-bb (base 16) to base 9
-227
What is 2 (base 10) in base 9?
2
Convert 3 (base 11) to base 8.
3
Convert -25 (base 6) to base 11.
-16
74 (base 13) to base 8
137
What is 1011101 (base 2) in base 5?
333
What is 11 (base 12) in base 13?
10
Convert 28 (base 9) to base 4.
122
Convert 13 (base 12) to base 13.
12
Convert -14 (base 13) to base 7.
-23
Convert -200 (base 3) to base 14.
-14
Convert 5 (base 11) to base 6.
5
11 (base 2) to base 10
3
3 (base 15) to base 5
3
Convert -1000 (base 2) to base 16.
-8
173 (base 8) to base 4
1323
13 (base 13) to base 9
17
Convert -2 (base 5) to base 6.
-2
-10 (base 7) to base 15
-7
What is -10000 (base 2) in base 10?
-16
Convert 70 (base 11) to base 6.
205
What is 26 (base 9) in base 15?
19
What is 2 (base 8) in base 6?
2
Convert 14 (base 11) to base 16.
f
What is -1 (base 16) in base 15?
-1
What is 0 (base 8) in base 10?
0
-cd (base 16) to base 5
-1310
What is -11101 (base 2) in base 4?
-131
Convert 66 (base 12) to base 9.
86
Convert 11011 (base 2) to base 8.
33
What is -53 (base 10) in base 9?
-58
What is -1 (base 6) in base 2?
-1
1201 (base 4) to base 12
81
Convert 8 (base 13) to base 15.
8
Convert 0 (base 9) to base 4.
0
-13 (base 6) to base 15
-9
Convert 77 (base 14) to base 4.
1221
Convert 231 (base 7) to base 11.
aa
-3 (base 6) to base 12
-3
10 (base 9) to base 8
11
178 (base 11) to base 8
316
-21 (base 4) to base 9
-10
2 (base 11) to base 5
2
What is -5 (base 9) in base 3?
-12
Convert -1 (base 13) to base 16.
-1
Convert 25 (base 13) to base 14.
23
What is -4 (base 12) in base 2?
-100
-110 (base 6) to base 15
-2c
What is -2 (base 6) in base 16?
-2
What is 30 (base 5) in base 6?
23
-86 (base 11) to base 6
-234
Convert -12 (base 4) to base 12.
-6
Convert -1 (base 10) to base 14.
-1
Convert -2 (base 16) to base 5.
-2
-3 (base 13) to base 16
-3
What is 0 (base 8) in base 2?
0
Convert -20 (base 4) to base 6.
-12
Convert 4c (base 14) to base 7.
125
Convert 413 (base 6) to base 14.
ad
What is 10 (base 3) in base 2?
11
-1 (base 5) to base 10
-1
-20 (base 3) to base 4
-12
565 (base 8) to base 12
271
What is -20 (base 8) in base 10?
-16
What is 11 (base 2) in base 12?
3
Convert 9 (base 16) to base 11.
9
b (base 14) to base 12
b
What is -26 (base 7) in base 8?
-24
-1 (base 11) to base 5
-1
Convert 30 (base 5) to base 15.
10
What is -17 (base 12) in base 15?
-14
100000100 (base 2) to base 5
2020
-4 (base 10) to base 6
-4
4 (base 6) to base 12
4
What is -1010 (base 2) in base 9?
-11
What is -18 (base 14) in base 13?
-19
What is 1d (base 16) in base 11?
27
What is -22 (base 12) in base 9?
-28
-91 (base 14) to base 13
-9a
-11 (base 6) to base 5
-12
Convert 38 (base 16) to base 12.
48
6 (base 8) to base 16
6
What is -17a (base 11) in base 2?
-11010000
111 (base 7) to base 12
49
-112 (base 6) to base 11
-40
-4 (base 15) to base 16
-4
What is 5 (base 14) in base 11?
5
-3 (base 11) to base 6
-3
What is -31 (base 9) in base 3?
-1001
Convert 9 (base 15) to base 12.
9
1 (base 8) to base 15
1
What is 2 (base 13) in base 6?
2
What is -2 (base 5) in base 4?
-2
Convert -68 (base 9) to base 4.
-332
10312 (base 4) to base 6
1234
What is 29 (base 12) in base 5?
113
0 (base 11) to base 4
0
What is -38 (base 15) in base 9?
-58
-111 (base 2) to base 14
-7
61 (base 10) to base 9
67
-3 (base 10) to base 12
-3
Convert -2 (base 8) to base 11.
-2
What is 21 (base 12) in base 4?
121
What is -10110111 (base 2) in base 5?
-1213
What is 84 (base 12) in base 5?
400
What is 3 (base 11) in base 5?
3
Convert 44 (base 11) to base 2.
110000
Convert -23 (base 4) to base 7.
-14
What is -2102 (base 3) in base 10?
-65
Convert -c (base 14) to base 3.
-110
0 (base 15) to base 16
0
What is 4 (base 14) in base 3?
11
Convert 7 (base 12) to base 5.
12
Convert -113 (base 8) to base 5.
-300
What is -1 (base 15) in base 2?
-1
What is 28 (base 10) in base 15?
1d
What is 275 (base 11) in base 6?
1300
21112 (base 3) to base 6
535
What is 211 (base 3) in base 6?
34
7 (base 13) to base 6
11
What is -10012 (base 3) in base 14?
-62
9 (base 14) to base 13
9
What is -32 (base 5) in base 16?
-11
Convert 7 (base 11) to base 9.
7
-6 (base 16) to base 9
-6
What is 184 (base 11) in base 3?
21220
11 (base 16) to base 13
14
What is -5 (base 14) in base 8?
-5
Convert -11 (base 3) to base 2.
-100
-15 (base 15) to base 6
-32
0 (base 13) to base 9
0
Convert -5 (base 12) to base 7.
-5
Convert 3 (base 16) to base 5.
3
Convert 25 (base 11) to base 12.
23
Convert 2a (base 15) to base 6.
104
5b (base 15) to base 5
321
What is -22100 (base 3) in base 14?
-121
What is -1a (base 12) in base 10?
-22
Convert 110 (base 6) to base 2.
101010
Convert -15 (base 11) to base 4.
-100
Convert -175 (base 11) to base 10.
-203
What is 107 (base 8) in base 4?
1013
-26 (base 11) to base 12
-24
What is -44 (base 9) in base 8?
-50
Convert -9 (base 16) to base 13.
-9
213 (base 6) to base 12
69
Convert -2 (base 6) to base 3.
-2
What is 2 (base 16) in base 10?
2
What is 3 (base 6) in base 7?
3
What is -3 (base 8) in base 5?
-3
54 (base 13) to base 12
59
1011 (base 2) to base 10
11
Convert -13 (base 10) to